{"id":2195,"date":"2014-10-20T19:59:41","date_gmt":"2014-10-20T17:59:41","guid":{"rendered":"https:\/\/dendrocopos.com\/?page_id=2195"},"modified":"2021-03-07T21:18:46","modified_gmt":"2021-03-07T19:18:46","slug":"tutorials-2","status":"publish","type":"page","link":"https:\/\/dendrocopos.com\/?page_id=2195","title":{"rendered":"Abubilla en vuelo &#8211; Hoopoe in flight"},"content":{"rendered":"<p>HOOPOE IN FLIGHT<\/p>\n<p>Abubilla &#8211; Eurasian hoopoe (Upupa epops)<br \/>\nCanon EOS 1D Mark III, Canon EF17-40mm f\/4L USM (19 mm), 1\/200 seg; f\/9; ISO 400, Tr\u00edpode, Flashes, Radio Telemando, Hide<\/p>\n<figure id=\"attachment_1587\" aria-describedby=\"caption-attachment-1587\" style=\"width: 627px\" class=\"wp-caption alignleft\"><img loading=\"lazy\" decoding=\"async\" class=\" wp-image-1587\" src=\"http:\/\/www.dendrocopos.com\/wp-content\/uploads\/2013\/07\/01_abubillal.jpg\" alt=\"Abubilla\" width=\"627\" height=\"418\" srcset=\"https:\/\/www.dendrocopos.com\/wp-content\/uploads\/2013\/07\/01_abubillal.jpg 1280w, https:\/\/www.dendrocopos.com\/wp-content\/uploads\/2013\/07\/01_abubillal-250x166.jpg 250w, https:\/\/www.dendrocopos.com\/wp-content\/uploads\/2013\/07\/01_abubillal-960x639.jpg 960w, https:\/\/www.dendrocopos.com\/wp-content\/uploads\/2013\/07\/01_abubillal-1024x682.jpg 1024w, https:\/\/www.dendrocopos.com\/wp-content\/uploads\/2013\/07\/01_abubillal-480x319.jpg 480w\" sizes=\"auto, (max-width: 627px) 100vw, 627px\" \/><figcaption id=\"caption-attachment-1587\" class=\"wp-caption-text\">Hoopoe (Upupa epops)<\/figcaption><\/figure>\n<p><span style=\"text-decoration: underline;\">INTRODUCCI\u00d3N<\/span><br \/>\nEra una tarde de mayo y d\u00edas anteriores ya hab\u00eda fotografiado bastantes retratos de esta abubilla (Upupa epops). Decid\u00ed cambiar de planes ya que era muy confiada y no parec\u00eda que le molestara mi presencia. As\u00ed que intent\u00e9 fotografiar vuelos a contraluz con el gran angular con la ayuda de tres flashes. Tard\u00f3 apenas unos minutos en aparecer con su cresta levantada y con un gusano para sus cr\u00edas.<\/p>\n<p><span style=\"text-decoration: underline;\">IMAGEN<\/span><br \/>\nEl retrato animal es mi especialidad, siempre busco una luz natural y una pose interesante que describe al animal que fotograf\u00edo, sin embargo a veces cuando la situaci\u00f3n es propicia y el animal es confiado, intento hacer tomas con gran angular para mostrar el ave en su medio natural. El t\u00edtulo salvo que se aprecie la estaci\u00f3n del a\u00f1o en alg\u00fan detalle claro suele simplemente describir brevemente la imagen. Dos semanas antes de la realizaci\u00f3n de la fotograf\u00eda en la campi\u00f1a gaditana colindante con el parque natural \u201cLos Alcornocales\u201d en Andaluc\u00eda y buscando animales en huecos de \u00e1rboles a unos 30 km de mi casa, observ\u00e9 una abubilla incubando varios huevos. En principio mi inter\u00e9s no era esta imagen, sino los adultos con insectos y escorpiones en el pico. Una vez hecho el trabajo que me gustaba y viendo la confianza del ave decid\u00ed fotografiarla en vuelo con el gran angular. As\u00ed fue, en la primera sesi\u00f3n llegu\u00e9 sobre las 5 de la tarde. Estudiando las luces ideales para las 7 de la tarde puse la c\u00e1mara con el gran angular sobre el tr\u00edpode cerca del hueco de \u00e1rbol y con la intenci\u00f3n de que tambi\u00e9n se viera parte del paisaje de fondo. Le conect\u00e9 el mando a distancia casero con ondas de radio y me puse a colocar los flashes. Debido a las luces complicadas y las sombras que daban otros \u00e1rboles decid\u00ed poner dos flashes delanteros y otro trasero, todos en manual. Los delanteros en manual a 1\/32 y el otro a 1\/16 a unos 50 cm del ave aproximadamente, y a unos 60 grados uno del otro. El trasero a 1\/8 un poco m\u00e1s lejos, aunque la luz del sol a contraluz me hizo el trabajo que yo quer\u00eda. El flash trasero me ven\u00eda bien cuando alguna rama daba sombra en la parte posterior del ave, cosa que ocurr\u00eda a veces. Una vez preparada la escena esperaba metido en el hide y con el mando a distancia disparando r\u00e1fagas con la 1D, cosa que no parec\u00eda molestar al ave, ya que ni daba se\u00f1al de alarma. Es importante se\u00f1alar que es bueno tener experiencia como naturalista, de lo contrario no hubiera sido tan f\u00e1cil obtener esta imagen. Hay que saber que significa cada sonido o canto del ave para detectar que no le afecta el montaje realizado. Con la c\u00e1mara fotogr\u00e1fica en M utilic\u00e9 un diafragma f\/9 que diera un profundidad de campo justa para que el ave estuviera enfocada y el fondo estuviera solo un poco desenfocado para mostrarlo pero sin quitar protagonismo al ave. Adem\u00e1s es un buen diafragma para sacarle partido al zoom angular 17\/40 y cre\u00eda suficiente 1\/200 s para congelar el movimiento de la cabeza del ave con su presa y darle algo de dinamismo al las alas. El ISO era bueno para este modelo de c\u00e1mara fotogr\u00e1fica, y no me gusta pasar de \u00e9l, aunque s\u00ed con la 5D Mark III. La composici\u00f3n ya estaba estudiada para formato horizontal y ya hab\u00eda preenfocado a la cr\u00eda para no dejar escapar cada llegada del ave con su presa. En cuanto a los consejos para este tipo de im\u00e1genes, el primero requiere tiempo porque hay que conocer cada especie y su comportamiento. Despu\u00e9s estudiar bien las luces, hay que estar atento al momento. En este caso era complicado por los cambios de luz debido a que el movimiento de la tierra con respecto al sol hac\u00eda que a veces las ramas filtraban demasiado la luz para la imagen que quer\u00eda realizar. El ave en vuelo era un contraluz y los flashes hicieron encender al ave frontalmente sin quitarle importancia total a la luz trasera.<\/p>\n<p>&nbsp;<\/p>\n<p><span style=\"text-decoration: underline;\">POSTPROCESAMIENTO<\/span><\/p>\n<p>En primer lugar decir que siempre utilizo el Digital Photo Professional para ajustar el raw, ya que me guarda los preajustes que he hecho en la c\u00e1mara dependiendo de la escena, adem\u00e1s de que estoy muy familiarizado con \u00e9l. Ajusto habitualmente un poco el contraste, en este caso (-3), en la 1D3, aunque menos en la actual 5D3 (-1) y las sombras (-1), luego la m\u00e1scara de enfoque (5, 1, 3).<br \/>\nAl final convierto a 16 bits y trabajo con photoshop: ajusto niveles, exposici\u00f3n, posteriormente trato con moderaci\u00f3n el ruido con Topaz y por \u00faltimo m\u00e1scara de enfoque (50, 0,5, 1). Esto b\u00e1sicamente es lo que hago para el 90% de mis im\u00e1genes.<\/p>\n<p>&nbsp;<\/p>\n<p><span style=\"text-decoration: underline;\">RESULTADO<\/span><\/p>\n<p>Aunque ya estaba contento de ver el resultado en la c\u00e1mara, cuando llegu\u00e9 y la vi en el ordenador qued\u00e9 satisfecho, eso s\u00ed con los peque\u00f1os ajustes antes indicados. Como dije antes porque era bastante est\u00e9tica con esa presa en el pico la cabeza ten\u00eda todo el detalle y las alas ten\u00edan dinamismo con la entrada de luz trasera. Quiz\u00e1s el problema m\u00e1s importante era la rapidez para hacer la fotograf\u00eda.<\/p>\n","protected":false},"excerpt":{"rendered":"<p>HOOPOE IN FLIGHT Abubilla &#8211; Eurasian hoopoe (Upupa epops) Canon EOS 1D Mark III, Canon EF17-40mm f\/4L USM (19 mm), 1\/200 seg; f\/9; ISO 400,&hellip; <\/p>\n","protected":false},"author":1,"featured_media":0,"parent":2187,"menu_order":0,"comment_status":"closed","ping_status":"open","template":"","meta":{"footnotes":""},"class_list":["post-2195","page","type-page","status-publish","hentry"],"jetpack_sharing_enabled":true,"_links":{"self":[{"href":"https:\/\/dendrocopos.com\/index.php?rest_route=\/wp\/v2\/pages\/2195","targetHints":{"allow":["GET"]}}],"collection":[{"href":"https:\/\/dendrocopos.com\/index.php?rest_route=\/wp\/v2\/pages"}],"about":[{"href":"https:\/\/dendrocopos.com\/index.php?rest_route=\/wp\/v2\/types\/page"}],"author":[{"embeddable":true,"href":"https:\/\/dendrocopos.com\/index.php?rest_route=\/wp\/v2\/users\/1"}],"replies":[{"embeddable":true,"href":"https:\/\/dendrocopos.com\/index.php?rest_route=%2Fwp%2Fv2%2Fcomments&post=2195"}],"version-history":[{"count":1,"href":"https:\/\/dendrocopos.com\/index.php?rest_route=\/wp\/v2\/pages\/2195\/revisions"}],"predecessor-version":[{"id":2958,"href":"https:\/\/dendrocopos.com\/index.php?rest_route=\/wp\/v2\/pages\/2195\/revisions\/2958"}],"up":[{"embeddable":true,"href":"https:\/\/dendrocopos.com\/index.php?rest_route=\/wp\/v2\/pages\/2187"}],"wp:attachment":[{"href":"https:\/\/dendrocopos.com\/index.php?rest_route=%2Fwp%2Fv2%2Fmedia&parent=2195"}],"curies":[{"name":"wp","href":"https:\/\/api.w.org\/{rel}","templated":true}]}}